{"id":91,"date":"2023-08-09T14:36:32","date_gmt":"2023-08-09T14:36:32","guid":{"rendered":"https:\/\/shield.lt\/?page_id=91"},"modified":"2023-08-09T15:05:48","modified_gmt":"2023-08-09T15:05:48","slug":"kontaktai","status":"publish","type":"page","link":"https:\/\/shield.lt\/index.php\/kontaktai\/","title":{"rendered":"kontaktai"},"content":{"rendered":"<p>[et_pb_section fb_built=&#8221;1&#8243; admin_label=&#8221;Header &#038; Contact Form&#8221; _builder_version=&#8221;4.20.0&#8243; _module_preset=&#8221;default&#8221; background_color=&#8221;gcid-1e763e3c-64f3-48f0-98f9-1ac3f4e31744&#8243; background_image=&#8221;https:\/\/shield.lt\/wp-content\/uploads\/2023\/08\/blocks.png&#8221; background_size=&#8221;initial&#8221; background_position=&#8221;top_right&#8221; background_last_edited=&#8221;on|desktop&#8221; background_size_tablet=&#8221;custom&#8221; collapsed=&#8221;on&#8221; global_colors_info=&#8221;{%22gcid-1e763e3c-64f3-48f0-98f9-1ac3f4e31744%22:%91%22background_color%22%93}&#8221;][et_pb_row _builder_version=&#8221;4.20.0&#8243; _module_preset=&#8221;default&#8221; max_width=&#8221;700px&#8221; locked=&#8221;off&#8221; global_colors_info=&#8221;{}&#8221;][et_pb_column type=&#8221;4_4&#8243; _builder_version=&#8221;4.20.0&#8243; _module_preset=&#8221;default&#8221; global_colors_info=&#8221;{}&#8221;][et_pb_text _builder_version=&#8221;4.21.0&#8243; _module_preset=&#8221;51bb3a00-1f06-462a-8c5a-10d9b9793cf7&#8243; text_orientation=&#8221;center&#8221; custom_margin=&#8221;||10px||false|false&#8221; global_colors_info=&#8221;{}&#8221;]<\/p>\n<h1>Susisiekite<\/h1>\n<p>[\/et_pb_text][et_pb_text _builder_version=&#8221;4.21.0&#8243; _module_preset=&#8221;dbddf2ee-abf8-44e6-9f80-5af15c80d49f&#8221; text_orientation=&#8221;center&#8221; global_colors_info=&#8221;{}&#8221;]<\/p>\n<p>U\u017epildykite \u017eemiau esan\u010dia form\u0105 ir mes su Jumis susieksime!<\/p>\n<p>[\/et_pb_text][et_pb_contact_form captcha=&#8221;off&#8221; success_message=&#8221;Pavyko!&#8221; submit_button_text=&#8221;Pateikti&#8221; _builder_version=&#8221;4.21.0&#8243; _module_preset=&#8221;46dfa094-4a88-4332-925d-05cecde5164e&#8221; hover_enabled=&#8221;0&#8243; locked=&#8221;off&#8221; global_colors_info=&#8221;{%22gcid-2ad8c1bb-328f-43a8-96cc-189ae66ed848%22:%91%22form_field_text_color%22%93}&#8221; sticky_enabled=&#8221;0&#8243;][et_pb_contact_field field_id=&#8221;Name&#8221; field_title=&#8221;Vardas&#8221; _builder_version=&#8221;4.21.0&#8243; _module_preset=&#8221;default&#8221; global_colors_info=&#8221;{}&#8221; button_text_size__hover_enabled=&#8221;off&#8221; button_one_text_size__hover_enabled=&#8221;off&#8221; button_two_text_size__hover_enabled=&#8221;off&#8221; button_text_color__hover_enabled=&#8221;off&#8221; button_one_text_color__hover_enabled=&#8221;off&#8221; button_two_text_color__hover_enabled=&#8221;off&#8221; button_border_width__hover_enabled=&#8221;off&#8221; button_one_border_width__hover_enabled=&#8221;off&#8221; button_two_border_width__hover_enabled=&#8221;off&#8221; button_border_color__hover_enabled=&#8221;off&#8221; button_one_border_color__hover_enabled=&#8221;off&#8221; button_two_border_color__hover_enabled=&#8221;off&#8221; button_border_radius__hover_enabled=&#8221;off&#8221; button_one_border_radius__hover_enabled=&#8221;off&#8221; button_two_border_radius__hover_enabled=&#8221;off&#8221; button_letter_spacing__hover_enabled=&#8221;off&#8221; button_one_letter_spacing__hover_enabled=&#8221;off&#8221; button_two_letter_spacing__hover_enabled=&#8221;off&#8221; button_bg_color__hover_enabled=&#8221;off&#8221; button_one_bg_color__hover_enabled=&#8221;off&#8221; button_two_bg_color__hover_enabled=&#8221;off&#8221;][\/et_pb_contact_field][et_pb_contact_field field_id=&#8221;Email&#8221; field_title=&#8221;El. pa\u0161to adresas&#8221; field_type=&#8221;email&#8221; _builder_version=&#8221;4.21.0&#8243; _module_preset=&#8221;default&#8221; global_colors_info=&#8221;{}&#8221; button_text_size__hover_enabled=&#8221;off&#8221; button_one_text_size__hover_enabled=&#8221;off&#8221; button_two_text_size__hover_enabled=&#8221;off&#8221; button_text_color__hover_enabled=&#8221;off&#8221; button_one_text_color__hover_enabled=&#8221;off&#8221; button_two_text_color__hover_enabled=&#8221;off&#8221; button_border_width__hover_enabled=&#8221;off&#8221; button_one_border_width__hover_enabled=&#8221;off&#8221; button_two_border_width__hover_enabled=&#8221;off&#8221; button_border_color__hover_enabled=&#8221;off&#8221; button_one_border_color__hover_enabled=&#8221;off&#8221; button_two_border_color__hover_enabled=&#8221;off&#8221; button_border_radius__hover_enabled=&#8221;off&#8221; button_one_border_radius__hover_enabled=&#8221;off&#8221; button_two_border_radius__hover_enabled=&#8221;off&#8221; button_letter_spacing__hover_enabled=&#8221;off&#8221; button_one_letter_spacing__hover_enabled=&#8221;off&#8221; button_two_letter_spacing__hover_enabled=&#8221;off&#8221; button_bg_color__hover_enabled=&#8221;off&#8221; button_one_bg_color__hover_enabled=&#8221;off&#8221; button_two_bg_color__hover_enabled=&#8221;off&#8221;][\/et_pb_contact_field][et_pb_contact_field field_id=&#8221;Verslo_kryptis&#8221; field_title=&#8221;Verslo kryptis&#8221; field_type=&#8221;select&#8221; select_options=&#8221;%91{%22value%22:%22Informacin\u0117s technologijos%22,%22checked%22:0,%22dragID%22:-1},{%22value%22:%22Energetika%22,%22checked%22:0,%22dragID%22:0},{%22value%22:%22Technologin\u0117 inovacija%22,%22checked%22:0,%22dragID%22:1}%93&#8243; fullwidth_field=&#8221;on&#8221; _builder_version=&#8221;4.21.0&#8243; _module_preset=&#8221;default&#8221; global_colors_info=&#8221;{}&#8221;][\/et_pb_contact_field][et_pb_contact_field field_id=&#8221;Dominanti_paslauga&#8221; field_title=&#8221;Dominanti paslauga&#8221; field_type=&#8221;checkbox&#8221; checkbox_options=&#8221;%91{%22value%22:%22Verslo konsultacijos%22,%22checked%22:0,%22dragID%22:-1},{%22value%22:%22Informacin\u0117s technologijos%22,%22checked%22:0,%22dragID%22:0},{%22value%22:%22Marketingas%22,%22checked%22:0,%22dragID%22:1}%93&#8243; _builder_version=&#8221;4.21.0&#8243; _module_preset=&#8221;default&#8221; global_colors_info=&#8221;{}&#8221;][\/et_pb_contact_field][et_pb_contact_field field_id=&#8221;Verslo_konsultavimo_paslaugos&#8221; field_title=&#8221;Verslo konsultavimo paslaugos&#8221; field_type=&#8221;checkbox&#8221; checkbox_options=&#8221;%91{%22value%22:%22Projekto analiz\u0117%22,%22checked%22:0,%22dragID%22:-1},{%22value%22:%22Rinkos analiz\u0117%22,%22checked%22:0,%22dragID%22:0},{%22value%22:%22Verslo planas%22,%22checked%22:0,%22dragID%22:1},{%22value%22:%22 Projekt\u0173 parengimas%22,%22checked%22:0,%22dragID%22:2},{%22value%22:%22Investicij\u0173 pritraukimas%22,%22checked%22:0,%22dragID%22:3},{%22value%22:%22Finansavimo strategijos%22,%22checked%22:0,%22dragID%22:4},{%22value%22:%22\u012emoni\u0173 steigimas%22,%22checked%22:0,%22dragID%22:5},{%22value%22:%22Teisin\u0117s paslaugos%22,%22checked%22:0,%22dragID%22:6}%93&#8243; conditional_logic=&#8221;on&#8221; conditional_logic_rules=&#8221;%91{%22field%22:%22dominanti_paslauga%22,%22condition%22:%22is%22,%22value%22:%22Verslo konsultacijos%22}%93&#8243; _builder_version=&#8221;4.21.0&#8243; _module_preset=&#8221;default&#8221; hover_enabled=&#8221;0&#8243; global_colors_info=&#8221;{}&#8221; required_mark=&#8221;off&#8221; sticky_enabled=&#8221;0&#8243;][\/et_pb_contact_field][et_pb_contact_field field_id=&#8221;IT_paslaugos&#8221; field_title=&#8221;IT paslaugos&#8221; field_type=&#8221;checkbox&#8221; checkbox_options=&#8221;%91{%22value%22:%22Svetaini\u0173 k\u016brimas%22,%22checked%22:0,%22dragID%22:-1},{%22value%22:%22Dizaino darbai%22,%22checked%22:0,%22dragID%22:0},{%22value%22:%22Sistem\u0173 k\u016brimas%22,%22checked%22:0,%22dragID%22:1},{%22value%22:%22Aplikacij\u0173 k\u016brimas%22,%22checked%22:0,%22dragID%22:2},{%22value%22:%22AI integracijos%22,%22checked%22:0,%22dragID%22:3},{%22value%22:%22Prototip\u0173 k\u016brimas%22,%22checked%22:0,%22dragID%22:4},{%22value%22:%22Blockchain panaudojimas%22,%22checked%22:0,%22dragID%22:5}%93&#8243; conditional_logic=&#8221;on&#8221; conditional_logic_rules=&#8221;%91{%22field%22:%22dominanti_paslauga%22,%22condition%22:%22is%22,%22value%22:%22Informacin\u0117s technologijos%22}%93&#8243; _builder_version=&#8221;4.21.0&#8243; _module_preset=&#8221;default&#8221; hover_enabled=&#8221;0&#8243; global_colors_info=&#8221;{}&#8221; required_mark=&#8221;off&#8221; sticky_enabled=&#8221;0&#8243;][\/et_pb_contact_field][et_pb_contact_field field_id=&#8221;Marketingas&#8221; field_title=&#8221;Marketingas&#8221; field_type=&#8221;checkbox&#8221; checkbox_options=&#8221;%91{%22value%22:%22Strategij\u0173 k\u016brimas%22,%22checked%22:0,%22dragID%22:-1},{%22value%22:%22Soc. tinkl\u0173 administravimas%22,%22checked%22:0,%22dragID%22:0},{%22value%22:%22Vie\u0161inimas%22,%22checked%22:0,%22dragID%22:1},{%22value%22:%22 Rinkos analiz\u0117%22,%22checked%22:0,%22dragID%22:2},{%22value%22:%22Turinio k\u016brimas%22,%22checked%22:0,%22dragID%22:3},{%22value%22:%22Bendruomen\u0117s %92%22GrowHacking%92%22%22,%22checked%22:0,%22dragID%22:4},{%22value%22:%22Reklama%22,%22checked%22:0,%22dragID%22:5}%93&#8243; conditional_logic=&#8221;on&#8221; conditional_logic_rules=&#8221;%91{%22field%22:%22dominanti_paslauga%22,%22condition%22:%22is%22,%22value%22:%22Marketingas%22}%93&#8243; _builder_version=&#8221;4.21.0&#8243; _module_preset=&#8221;default&#8221; hover_enabled=&#8221;0&#8243; global_colors_info=&#8221;{}&#8221; required_mark=&#8221;off&#8221; sticky_enabled=&#8221;0&#8243;][\/et_pb_contact_field][\/et_pb_contact_form][\/et_pb_column][\/et_pb_row][\/et_pb_section][et_pb_section fb_built=&#8221;1&#8243; admin_label=&#8221;Footer&#8221; _builder_version=&#8221;4.20.0&#8243; _module_preset=&#8221;default&#8221; saved_tabs=&#8221;all&#8221; collapsed=&#8221;on&#8221; global_colors_info=&#8221;{}&#8221;][et_pb_row _builder_version=&#8221;4.20.0&#8243; _module_preset=&#8221;default&#8221; background_color=&#8221;gcid-59f154f0-005c-463d-97bd-f68a0c0630b3&#8243; background_image=&#8221;https:\/\/shield.lt\/wp-content\/uploads\/2023\/07\/email-marketing-20.png&#8221; background_size=&#8221;contain&#8221; background_position=&#8221;top_center&#8221; custom_margin=&#8221;||60px||false|false&#8221; custom_padding=&#8221;5%|8%|5%|8%|true|true&#8221; border_radii=&#8221;on|16px|16px|16px|16px&#8221; border_width_all=&#8221;1px&#8221; border_color_all=&#8221;#000000&#8243; box_shadow_style=&#8221;preset4&#8243; box_shadow_horizontal=&#8221;12px&#8221; box_shadow_vertical=&#8221;12px&#8221; box_shadow_color=&#8221;#000000&#8243; global_colors_info=&#8221;{%22gcid-59f154f0-005c-463d-97bd-f68a0c0630b3%22:%91%22background_color%22%93}&#8221;][et_pb_column type=&#8221;4_4&#8243; _builder_version=&#8221;4.20.0&#8243; _module_preset=&#8221;default&#8221; global_colors_info=&#8221;{}&#8221;][et_pb_text _builder_version=&#8221;4.21.0&#8243; _module_preset=&#8221;09ecfb42-2477-46d9-89de-837331565381&#8243; text_orientation=&#8221;center&#8221; custom_margin=&#8221;||10px||false|false&#8221; global_colors_info=&#8221;{}&#8221;]<\/p>\n<h2>Augink savo versl\u0105 su Shield<\/h2>\n<p>[\/et_pb_text][\/et_pb_column][\/et_pb_row][\/et_pb_section]<\/p>\n","protected":false},"excerpt":{"rendered":"<p>SusisiekiteU\u017epildykite \u017eemiau esan\u010dia form\u0105 ir mes su Jumis susieksime!Augink savo versl\u0105 su Shield<\/p>\n","protected":false},"author":2,"featured_media":0,"parent":0,"menu_order":0,"comment_status":"closed","ping_status":"closed","template":"","meta":{"_et_pb_use_builder":"on","_et_pb_old_content":"","_et_gb_content_width":"","footnotes":""},"class_list":["post-91","page","type-page","status-publish","hentry"],"_links":{"self":[{"href":"https:\/\/shield.lt\/index.php\/wp-json\/wp\/v2\/pages\/91","targetHints":{"allow":["GET"]}}],"collection":[{"href":"https:\/\/shield.lt\/index.php\/wp-json\/wp\/v2\/pages"}],"about":[{"href":"https:\/\/shield.lt\/index.php\/wp-json\/wp\/v2\/types\/page"}],"author":[{"embeddable":true,"href":"https:\/\/shield.lt\/index.php\/wp-json\/wp\/v2\/users\/2"}],"replies":[{"embeddable":true,"href":"https:\/\/shield.lt\/index.php\/wp-json\/wp\/v2\/comments?post=91"}],"version-history":[{"count":5,"href":"https:\/\/shield.lt\/index.php\/wp-json\/wp\/v2\/pages\/91\/revisions"}],"predecessor-version":[{"id":98,"href":"https:\/\/shield.lt\/index.php\/wp-json\/wp\/v2\/pages\/91\/revisions\/98"}],"wp:attachment":[{"href":"https:\/\/shield.lt\/index.php\/wp-json\/wp\/v2\/media?parent=91"}],"curies":[{"name":"wp","href":"https:\/\/api.w.org\/{rel}","templated":true}]}}